{"id":12165,"date":"2025-07-01T15:17:11","date_gmt":"2025-07-01T15:17:11","guid":{"rendered":"https:\/\/electro-precio.com\/?post_type=product&#038;p=12165"},"modified":"2025-07-01T15:17:11","modified_gmt":"2025-07-01T15:17:11","slug":"palet-de-70-sacos-de-pellet-naturpellet","status":"publish","type":"product","link":"https:\/\/electro-precio.com\/fr\/product\/palet-de-70-sacos-de-pellet-naturpellet\/","title":{"rendered":"Palet de 70 sacos de pellet NATURPELLET"},"content":{"rendered":"<p>El n\u00famero de sacos de pellet que contiene el palet son 70 unidades de 15 kilos de pellets de madera de pino certificados EN plus A1.<\/p>\n<p>Peso del palet de pellet: 1050 kilos<\/p>\n<p>Medidas del palet de pellet: en la base 1,00 x 1,20 metros y 1,75 de altura.<\/p>\n<p>Pellets con madera de pino descortezado, fabricados de forma natural sin ning\u00fan tipo de aditivos ni apelmazantes y envasados en sacos de papel reciclado 100 % ecol\u00f3gicos. Combustible Pellet, la mejor alternativa para calentarse en invierno.<\/p>\n<p>Los pellets de madera Naturpellet ofrecen un rendimiento energ\u00e9tico superior con un contenido de humedad optimizado del 6,1%, lo que reduce la condensaci\u00f3n y maximiza la eficiencia de la calefacci\u00f3n. Con un impresionante poder calor\u00edfico de 19,5 MJ\/kg, prometen un consumo m\u00ednimo para un calor m\u00e1ximo. Su durabilidad mec\u00e1nica del 99,2% garantiza la integridad del pellet durante el transporte y la manipulaci\u00f3n, asegurando una combusti\u00f3n eficiente y uniforme. Por \u00faltimo, su bajo contenido en cenizas del 0,3% se traduce en un menor mantenimiento y una mayor autonom\u00eda de su sistema de calefacci\u00f3n.<\/p>","protected":false},"excerpt":{"rendered":"<p>Elija Naturpellet para una calefacci\u00f3n de alto rendimiento y respetuosa con el medio ambiente. Reduzca el mantenimiento a la vez que calienta su espacio de forma m\u00e1s eficiente.<\/p>\n<dl class=\"data-sheet\">\n<dt class=\"name\">Normas\u00a0 \u00a0 \u00a0 \u00a0 \u00a0 \u00a0 \u00a0 \u00a0 \u00a0 ENplus A1<\/dt>\n<dt class=\"name\">Capacidad\u00a0 \u00a0 \u00a0 \u00a0 \u00a0 \u00a0 \u00a0 70 sacos<\/dt>\n<dt class=\"name\">Fabricaci\u00f3n UE\u00a0 \u00a0 \u00a0 \u00a0 <img decoding=\"async\" class=\"product-features__images--img\" style=\"font-weight: 400;\" title=\"Fabrication UE: Oui\" src=\"https:\/\/brico.leclerc-langon.com\/modules\/smlfeatures\/uploads\/fv\/132.png\" alt=\"Fabrication UE: Oui\" \/><\/dt>\n<dt class=\"name\">Peso \u00a0 \u00a0 \u00a0 \u00a0 \u00a0 \u00a0 \u00a0 \u00a0 \u00a0 \u00a0 \u00a0 \u00a0 1050 kg<\/dt>\n<\/dl>","protected":false},"featured_media":12166,"comment_status":"open","ping_status":"closed","template":"","meta":[],"product_brand":[],"product_cat":[112],"product_tag":[],"class_list":{"0":"post-12165","1":"product","2":"type-product","3":"status-publish","4":"has-post-thumbnail","6":"product_cat-pellets","8":"first","9":"instock","10":"sale","11":"shipping-taxable","12":"purchasable","13":"product-type-simple"},"_links":{"self":[{"href":"https:\/\/electro-precio.com\/fr\/wp-json\/wp\/v2\/product\/12165","targetHints":{"allow":["GET"]}}],"collection":[{"href":"https:\/\/electro-precio.com\/fr\/wp-json\/wp\/v2\/product"}],"about":[{"href":"https:\/\/electro-precio.com\/fr\/wp-json\/wp\/v2\/types\/product"}],"replies":[{"embeddable":true,"href":"https:\/\/electro-precio.com\/fr\/wp-json\/wp\/v2\/comments?post=12165"}],"wp:featuredmedia":[{"embeddable":true,"href":"https:\/\/electro-precio.com\/fr\/wp-json\/wp\/v2\/media\/12166"}],"wp:attachment":[{"href":"https:\/\/electro-precio.com\/fr\/wp-json\/wp\/v2\/media?parent=12165"}],"wp:term":[{"taxonomy":"product_brand","embeddable":true,"href":"https:\/\/electro-precio.com\/fr\/wp-json\/wp\/v2\/product_brand?post=12165"},{"taxonomy":"product_cat","embeddable":true,"href":"https:\/\/electro-precio.com\/fr\/wp-json\/wp\/v2\/product_cat?post=12165"},{"taxonomy":"product_tag","embeddable":true,"href":"https:\/\/electro-precio.com\/fr\/wp-json\/wp\/v2\/product_tag?post=12165"}],"curies":[{"name":"wp","href":"https:\/\/api.w.org\/{rel}","templated":true}]}}

<p>El número de sacos de pellet que contiene el palet son 70 unidades de 15 kilos de pellets de madera de pino certificados EN plus A1.</p>
<p>Peso del palet de pellet: 1050 kilos</p>
<p>Medidas del palet de pellet: en la base 1,00 x 1,20 metros y 1,75 de altura.</p>
<p>Pellets con madera de pino descortezado, fabricados de forma natural sin ningún tipo de aditivos ni apelmazantes y envasados en sacos de papel reciclado 100 % ecológicos. Combustible Pellet, la mejor alternativa para calentarse en invierno.</p>
<p>Los pellets de madera Naturpellet ofrecen un rendimiento energético superior con un contenido de humedad optimizado del 6,1%, lo que reduce la condensación y maximiza la eficiencia de la calefacción. Con un impresionante poder calorífico de 19,5 MJ/kg, prometen un consumo mínimo para un calor máximo. Su durabilidad mecánica del 99,2% garantiza la integridad del pellet durante el transporte y la manipulación, asegurando una combustión eficiente y uniforme. Por último, su bajo contenido en cenizas del 0,3% se traduce en un menor mantenimiento y una mayor autonomía de su sistema de calefacción.</p>

<p>Elija Naturpellet para una calefacción de alto rendimiento y respetuosa con el medio ambiente. Reduzca el mantenimiento a la vez que calienta su espacio de forma más eficiente.</p>
<dl class="data-sheet">
<dt class="name">Normas                  ENplus A1</dt>
<dt class="name">Capacidad              70 sacos</dt>
<dt class="name">Fabricación UE        <img decoding="async" class="product-features__images--img" style="font-weight: 400;" title="Fabrication UE: Oui" src="https://brico.leclerc-langon.com/modules/smlfeatures/uploads/fv/132.png" alt="Fabrication UE: Oui" /></dt>
<dt class="name">Peso                         1050 kg</dt>
</dl>
