{"id":12331,"date":"2025-07-05T05:42:32","date_gmt":"2025-07-05T05:42:32","guid":{"rendered":"https:\/\/electro-precio.com\/?post_type=product&#038;p=12331"},"modified":"2025-07-05T05:46:11","modified_gmt":"2025-07-05T05:46:11","slug":"aire-acondicionado-portatil-midea-mppdb-12hrn7-qb6g1","status":"publish","type":"product","link":"https:\/\/electro-precio.com\/fr\/product\/aire-acondicionado-portatil-midea-mppdb-12hrn7-qb6g1\/","title":{"rendered":"Aire Acondicionado port\u00e1til Midea MPPDB-12HRN7-QB6G1"},"content":{"rendered":"<h3>Caracter\u00edsticas<\/h3>\n<p>Gracias a asu movilidad y facilidad de transporte, los aires acondicionados port\u00e1tiles Midea garantizan el confort en cualquier lugar de la casa. Unidades que no requieren instalaci\u00f3n, disponibles en solo fr\u00edo y en bomba de calor. Una opci\u00f3n de climatizaci\u00f3n sin necesidad de realizar obras en nuestra vivienda.<\/p>\n<p>Sin necesidad de instalaci\u00f3n y f\u00e1cil de transportar<\/p>\n<p>Todos los equipos no requieren instalaci\u00f3n y disponen de ruedas para transportarlos c\u00f3modamente.<\/p>\n<p>Programador 24 horas<\/p>\n<p>Todas las unidades de la gama disponen de programador horario de 24 horas. Esto nos permite programar un encendido o un apagado durante el d\u00eda.<\/p>\n<h3>Ficha t\u00e9cnica<\/h3>\n<ul>\n<li>Capacidad Frigor\u00edfica nominal: 3,5 Kw.<\/li>\n<li>Capacidad Calor\u00edfica nominal: 2,9<\/li>\n<li>Consumo de fr\u00edo nominal: 1.350W.<\/li>\n<li>Consumo de calor nominal: 1.045W.<\/li>\n<li>Eficiencia energ\u00e9tica EER: 2,6-A.<\/li>\n<li>Eficiencia energ\u00e9tica COP: 2,8-A+<\/li>\n<li>Frigorias: De 2500 a 3500 Frig\/h<\/li>\n<li>Calificaci\u00f3n energ\u00e9tica: A<\/li>\n<li>Superficie a climatizar (m2): De 20 a 30 m2.<\/li>\n<\/ul>\n<p><strong>Unidad interior<\/strong><\/p>\n<ul>\n<li>Caudal de aire (bj\/me\/al): 355\/370\/420 m3\/h.<\/li>\n<li>Presi\u00f3n sonora (bj\/me\/al):54\/54,3\/54,5 dB(A):<\/li>\n<li>Nivel de potencia ac\u00fastica:64 dB(A)<\/li>\n<li>Ancho x Alto x Fondo: 467\/765\/397 mm.<\/li>\n<li>Peso neto: 34,4 kg.<\/li>\n<li>Alimentaci\u00f3n: 220-240\/1\/50 V\/f\/Hz.<\/li>\n<li>Refrigerante: R-290<\/li>\n<li>T\u00aa interior para refrigeraci\u00f3n min\/max: 17\u00baC\/35\u00baC<\/li>\n<li>T\u00aa interior para calefacci\u00f3n min\/max: 5\u00baC\/30\u00baC<\/li>\n<\/ul>\n<h3>Garant\u00eda:<\/h3>\n<p><strong>2 a\u00f1os<\/strong>\u00a0de garant\u00eda<\/p>","protected":false},"excerpt":{"rendered":"<p><strong>El Aire Acondicionado port\u00e1til Midea MPPDB-12CRN7-QB6G1<\/strong>\u00a0te ofrece una\u00a0<strong>potencia en fr\u00edo de 3.010 kcal. y 2.500 Kcal en calor.\u00a0<\/strong>Su eficiencia energ\u00e9tica es A\/A+. El gas refrigerante es R-290.<\/p>","protected":false},"featured_media":12325,"comment_status":"open","ping_status":"closed","template":"","meta":[],"product_brand":[],"product_cat":[134],"product_tag":[],"class_list":{"0":"post-12331","1":"product","2":"type-product","3":"status-publish","4":"has-post-thumbnail","6":"product_cat-climatizacion","8":"first","9":"instock","10":"sale","11":"shipping-taxable","12":"purchasable","13":"product-type-simple"},"_links":{"self":[{"href":"https:\/\/electro-precio.com\/fr\/wp-json\/wp\/v2\/product\/12331","targetHints":{"allow":["GET"]}}],"collection":[{"href":"https:\/\/electro-precio.com\/fr\/wp-json\/wp\/v2\/product"}],"about":[{"href":"https:\/\/electro-precio.com\/fr\/wp-json\/wp\/v2\/types\/product"}],"replies":[{"embeddable":true,"href":"https:\/\/electro-precio.com\/fr\/wp-json\/wp\/v2\/comments?post=12331"}],"wp:featuredmedia":[{"embeddable":true,"href":"https:\/\/electro-precio.com\/fr\/wp-json\/wp\/v2\/media\/12325"}],"wp:attachment":[{"href":"https:\/\/electro-precio.com\/fr\/wp-json\/wp\/v2\/media?parent=12331"}],"wp:term":[{"taxonomy":"product_brand","embeddable":true,"href":"https:\/\/electro-precio.com\/fr\/wp-json\/wp\/v2\/product_brand?post=12331"},{"taxonomy":"product_cat","embeddable":true,"href":"https:\/\/electro-precio.com\/fr\/wp-json\/wp\/v2\/product_cat?post=12331"},{"taxonomy":"product_tag","embeddable":true,"href":"https:\/\/electro-precio.com\/fr\/wp-json\/wp\/v2\/product_tag?post=12331"}],"curies":[{"name":"wp","href":"https:\/\/api.w.org\/{rel}","templated":true}]}}

Aire Acondicionado portátil Midea MPPDB-12HRN7-QB6G1

<h3>Características</h3>
<p>Gracias a asu movilidad y facilidad de transporte, los aires acondicionados portátiles Midea garantizan el confort en cualquier lugar de la casa. Unidades que no requieren instalación, disponibles en solo frío y en bomba de calor. Una opción de climatización sin necesidad de realizar obras en nuestra vivienda.</p>
<p>Sin necesidad de instalación y fácil de transportar</p>
<p>Todos los equipos no requieren instalación y disponen de ruedas para transportarlos cómodamente.</p>
<p>Programador 24 horas</p>
<p>Todas las unidades de la gama disponen de programador horario de 24 horas. Esto nos permite programar un encendido o un apagado durante el día.</p>
<h3>Ficha técnica</h3>
<ul>
<li>Capacidad Frigorífica nominal: 3,5 Kw.</li>
<li>Capacidad Calorífica nominal: 2,9</li>
<li>Consumo de frío nominal: 1.350W.</li>
<li>Consumo de calor nominal: 1.045W.</li>
<li>Eficiencia energética EER: 2,6-A.</li>
<li>Eficiencia energética COP: 2,8-A+</li>
<li>Frigorias: De 2500 a 3500 Frig/h</li>
<li>Calificación energética: A</li>
<li>Superficie a climatizar (m2): De 20 a 30 m2.</li>
</ul>
<p><strong>Unidad interior</strong></p>
<ul>
<li>Caudal de aire (bj/me/al): 355/370/420 m3/h.</li>
<li>Presión sonora (bj/me/al):54/54,3/54,5 dB(A):</li>
<li>Nivel de potencia acústica:64 dB(A)</li>
<li>Ancho x Alto x Fondo: 467/765/397 mm.</li>
<li>Peso neto: 34,4 kg.</li>
<li>Alimentación: 220-240/1/50 V/f/Hz.</li>
<li>Refrigerante: R-290</li>
<li>Tª interior para refrigeración min/max: 17ºC/35ºC</li>
<li>Tª interior para calefacción min/max: 5ºC/30ºC</li>
</ul>
<h3>Garantía:</h3>
<p><strong>2 años</strong> de garantía</p>

<p><strong>El Aire Acondicionado portátil Midea MPPDB-12CRN7-QB6G1</strong> te ofrece una <strong>potencia en frío de 3.010 kcal. y 2.500 Kcal en calor. </strong>Su eficiencia energética es A/A+. El gas refrigerante es R-290.</p>
